
151
What is the greatest common divisor of 47008 and 9152?
416
Calculate the greatest common factor of 3029 and 234.
13
Calculate the highest common divisor of 138 and 706514.
46
Calculate the greatest common factor of 79109 and 239.
239
Calculate the greatest common factor of 162 and 979209.
81
Calculate the highest common divisor of 3807 and 15.
3
What is the highest common divisor of 15 and 6295?
5
Calculate the greatest common factor of 69 and 263751.
3
What is the greatest common factor of 664963 and 13?
13
What is the greatest common factor of 99 and 332772?
33
What is the highest common divisor of 221 and 4537?
13
Calculate the highest common divisor of 88 and 464.
8
Calculate the greatest common factor of 69 and 523664.
23
What is the greatest common factor of 18 and 8736?
6
What is the greatest common divisor of 5960 and 16?
8
What is the greatest common divisor of 1600 and 4100?
100
Calculate the highest common divisor of 868599 and 4635.
927
Calculate the greatest common factor of 1398 and 1026598.
466
Calculate the greatest common divisor of 8490 and 6082236.
1698
Calculate the highest common factor of 2030 and 4669.
203
Calculate the greatest common factor of 12321 and 8325.
333
Calculate the highest common divisor of 2746 and 8.
2
Calculate the highest common factor of 473769 and 135.
27
Calculate the highest common factor of 27335 and 31185.
385
What is the greatest common divisor of 135 and 79407?
27
Calculate the greatest common factor of 18 and 622878.
6
What is the highest common divisor of 2320 and 50953?
29
Calculate the highest common factor of 12976 and 1512.
8
Calculate the greatest common divisor of 20520 and 3.
3
What is the highest common factor of 95300 and 150?
50
What is the greatest common factor of 21588 and 768?
12
Calculate the greatest common divisor of 12040 and 169635.
215
What is the greatest common divisor of 930 and 760430?
310
What is the highest common factor of 984550 and 700?
350
What is the highest common factor of 262 and 498062?
262
What is the greatest common divisor of 114383 and 2354?
107
Calculate the greatest common divisor of 9000 and 1080.
360
Calculate the greatest common factor of 48 and 129972.
12
Calculate the greatest common divisor of 51700 and 101849.
517
Calculate the greatest common factor of 52 and 665314.
26
Calculate the highest common factor of 1968 and 74661.
123
Calculate the highest common divisor of 36039 and 4688.
293
What is the highest common divisor of 196385 and 3038?
217
What is the greatest common factor of 149898 and 19264?
602
Calculate the highest common divisor of 24000 and 456.
24
What is the highest common factor of 9126 and 81?
27
What is the highest common factor of 25783 and 1593?
59
Calculate the highest common factor of 2492 and 16376.
356
Calculate the greatest common divisor of 6142 and 1258.
74
Calculate the greatest common divisor of 137088 and 512.
128
What is the greatest common divisor of 114 and 1992?
6
Calculate the highest common divisor of 161140 and 224.
28
What is the highest common factor of 150385 and 57?
19
Calculate the greatest common divisor of 13376 and 51414.
418
What is the highest common factor of 16444 and 4?
4
Calculate the greatest common divisor of 1276137 and 18.
9
What is the highest common factor of 68128 and 192?
32
What is the highest common factor of 32929 and 34?
17
Calculate the highest common divisor of 585 and 19935.
45
What is the greatest common factor of 722 and 9690?
38
Calculate the highest common factor of 1094700 and 1968.
492
What is the highest common divisor of 157773 and 231?
231
Calculate the highest common factor of 888 and 2592.
24
Calculate the highest common factor of 10032 and 572736.
912
Calculate the greatest common factor of 268644 and 183.
183
What is the highest common factor of 360 and 20026080?
360
Calculate the greatest common divisor of 116332 and 1016.
508
What is the highest common divisor of 2696 and 6640?
8
Calculate the greatest common divisor of 19639 and 4961.
41
What is the greatest common factor of 21 and 102389?
7
Calculate the greatest common factor of 511431 and 681.
681
What is the highest common divisor of 68693 and 730?
73
What is the greatest common factor of 515 and 11948?
103
What is the greatest common factor of 322 and 14?
14
Calculate the highest common factor of 36 and 19828.
4
What is the highest common factor of 784320 and 760?
760
What is the highest common factor of 200 and 160?
40
What is the greatest common divisor of 1102262 and 112?
14
What is the highest common factor of 463623 and 1095?
219
Calculate the highest common factor of 532648 and 2395.
479
What is the greatest common divisor of 21306 and 318?
318
Calculate the greatest common divisor of 4917 and 8344.
149
What is the greatest common factor of 37000 and 14615?
185
What is the greatest common factor of 765173 and 992?
31
What is the highest common divisor of 13175 and 3400?
425
What is the greatest common factor of 415 and 155791?
83
What is the greatest common factor of 75073 and 62899?
2029
What is the greatest common divisor of 279 and 1457?
31
Calculate the highest common factor of 13107 and 85.
17
Calculate the greatest common factor of 705 and 183065.
235
Calculate the greatest common factor of 114604 and 28.
28
What is the highest common factor of 1012 and 4070?
22
What is the highest common divisor of 62780 and 35040?
1460
Calculate the highest common factor of 90 and 14067.
9
Calculate the greatest common factor of 19 and 3908.
1
What is the highest common factor of 16945 and 10?
5
What is the highest common factor of 154 and 9317?
77
What is the highest common divisor of 21 and 289569?
21
Calculate the greatest common factor of 58989 and 76797.
1113
What is the greatest common divisor of 27 and 12161664?
27
Calculate the highest common factor of 3128 and 213992.
184
What is the greatest common factor of 126 and 3836?
14
Calculate the highest common factor of 24 and 180951.
3
Calculate the greatest common factor of 462 and 28776.
66
What is the highest common divisor of 34 and 8518?
2
What is the highest common factor of 373685 and 975?
65
What is the greatest common divisor of 12627 and 44896?
1403
What is the highest common divisor of 4161664 and 244?
244
What is the highest common factor of 28 and 153412?
28
Calculate the greatest common factor of 30 and 610395.
15
What is the highest common divisor of 84 and 601860?
84
What is the greatest common divisor of 300 and 6144?
12
Calculate the highest common divisor of 18 and 146646.
18
What is the highest common factor of 260 and 205894?
26
What is the greatest common divisor of 33856 and 14848?
64
What is the greatest common factor of 45524 and 836?
76
Calculate the highest common factor of 171 and 450.
9
Calculate the highest common factor of 40 and 4855.
5
Calculate the highest common divisor of 4111140 and 1760.
220
What is the greatest common factor of 3497 and 3367?
13
What is the highest common factor of 1 and 6493?
1
What is the greatest common divisor of 43 and 3168369?
43
What is the greatest common factor of 470 and 1310?
10
What is the highest common divisor of 36516 and 7276?
68
Calculate the greatest common factor of 184 and 5144640.
184
What is the greatest common divisor of 156156 and 10816?
676
What is the greatest common factor of 5452 and 14964?
116
What is the greatest common factor of 1628 and 63714?
74
Calculate the highest common factor of 164 and 948494.
82
Calculate the greatest common divisor of 3499538 and 14.
14
Calculate the greatest common divisor of 4991 and 1015.
7
Calculate the greatest common divisor of 36850 and 72325.
275
Calculate the greatest common factor of 3294 and 588894.
366
What is the greatest common factor of 5275 and 73217?
211
What is the highest common factor of 5066 and 680?
34
Calculate the greatest common divisor of 3951 and 66289.
439
Calculate the highest common factor of 448 and 12256.
32
Calculate the greatest common factor of 10 and 107115.
5
Calculate the greatest common divisor of 266 and 70889.
133
Calculate the highest common factor of 33600 and 425.
25
Calculate the greatest common factor of 2744 and 776.
8
What is the greatest common divisor of 2040 and 544?
136
What is the great